{"id":623,"date":"2024-06-24T13:52:59","date_gmt":"2024-06-24T11:52:59","guid":{"rendered":"https:\/\/salle-gg.boutiques-genicado-ouest.com\/?page_id=623"},"modified":"2024-06-24T13:53:00","modified_gmt":"2024-06-24T11:53:00","slug":"mentions-legales","status":"publish","type":"page","link":"https:\/\/salle-gg.boutiques-genicado-ouest.com\/index.php\/mentions-legales\/","title":{"rendered":"Mentions l\u00e9gales"},"content":{"rendered":"\n<p><strong>MENTIONS L\u00c9GALES ET CONDITIONS D\u2019UTILISATION<\/strong><\/p>\n\n\n\n<ol><li><strong>MENTIONS L\u00c9GALES<\/strong><\/li><\/ol>\n\n\n\n<p><strong>Ce site est \u00e9dit\u00e9 par :<\/strong><\/p>\n\n\n\n<p>GENICADO<\/p>\n\n\n\n<p>SARL au capital de 300 000 \u20ac<\/p>\n\n\n\n<p>RCS de Nantes n\u00b0 322&nbsp;504&nbsp;978<\/p>\n\n\n\n<p>Si\u00e8ge social : ZAC de la Boulais \u2013 27, rue du Leinster \u2013 44240 LA CHAPELLE SUR ERDRE<\/p>\n\n\n\n<p>N\u00b0 de t\u00e9l\u00e9phone&nbsp;:&nbsp;<a href=\"tel:0240490311\">02 40 49 03 11<\/a><\/p>\n\n\n\n<p>E-mail :&nbsp;<a href=\"mailto:web@genicado-ouest.com\">web@genicado-ouest.com<\/a><\/p>\n\n\n\n<p><strong>Le directeur de la publication est&nbsp;:<\/strong><\/p>\n\n\n\n<p>Monsieur Martin d\u2019Hermies<\/p>\n\n\n\n<p><strong>Ce site est h\u00e9berg\u00e9 par :<\/strong><\/p>\n\n\n\n<p>OVH<\/p>\n\n\n\n<p>Adresse&nbsp;: 2, rue Kellermann \u2013 59100 ROUBAIX<\/p>\n\n\n\n<p>N\u00b0 de t\u00e9l\u00e9phone&nbsp;: 1007<br><br><strong>CONDITIONS D\u2019UTILISATION<\/strong><\/p>\n\n\n\n<p><strong>Objet du site<\/strong><\/p>\n\n\n\n<p>Le site www.genicado.com permet aux internautes de d\u00e9couvrir GENICADO et ses produits, de demander un devis pour commander ceux-ci, de s\u2019inscrire \u00e0 la newsletter et de contacter GENICADO.<\/p>\n\n\n\n<p>Les demandes de devis et les commandes des produits sont r\u00e9serv\u00e9es aux professionnels.<\/p>\n\n\n\n<p>GENICADO s\u2019efforce d\u2019assurer au mieux de ses possibilit\u00e9s l\u2019exactitude et la mise \u00e0 jour des informations diffus\u00e9es sur ce site. Toutefois, GENICADO ne peut garantir l\u2019exactitude, la pr\u00e9cision ou l\u2019exhaustivit\u00e9 de ces informations. Celles-ci sont fournies \u00e0 titre indicatif. En cas de doute, l\u2019utilisateur de ce site est invit\u00e9 \u00e0 contacter GENICADO.<\/p>\n\n\n\n<p>GENICADO pourra modifier, faire \u00e9voluer ou supprimer \u00e0 tout moment des fonctionnalit\u00e9s et informations de ce site.<\/p>\n\n\n\n<p><strong>Acc\u00e8s au site<\/strong><\/p>\n\n\n\n<p>L\u2019utilisateur est responsable de la mise en \u0153uvre des moyens mat\u00e9riels et logiciels n\u00e9cessaires pour acc\u00e9der et utiliser ce site ainsi que des mesures de s\u00e9curit\u00e9 de nature \u00e0 prot\u00e9ger ces moyens contre les atteintes accidentelle ou illicite \u00e0 leur s\u00e9curit\u00e9.<\/p>\n\n\n\n<p>GENICADO s\u2019efforce d\u2018assurer l\u2019accessibilit\u00e9 de ce site \u00e0 tout moment. GENICADO pourra toutefois suspendre l\u2019acc\u00e8s \u00e0 ce site, notamment pour des raisons de maintenance, sans qu\u2019aucune indemnit\u00e9 ne soit due du fait de cette suspension.<\/p>\n\n\n\n<p><strong>Propri\u00e9t\u00e9 intellectuelle<\/strong><\/p>\n\n\n\n<p>GENICADO est titulaire, le cas \u00e9ch\u00e9ant avec ses fournisseurs, des droits de propri\u00e9t\u00e9 intellectuelle sur ce site et tous les \u00e9l\u00e9ments qui le composent, dont le code, la charte graphique, les textes, logos, images et photographies. Tout autre acte que la consultation de ce site, notamment la reproduction ou la r\u00e9utilisation de contenus, est interdit sous peine de contrefa\u00e7on.<\/p>\n\n\n\n<p><strong>Responsabilit\u00e9<\/strong><\/p>\n\n\n\n<p>GENICADO d\u00e9cline toute responsabilit\u00e9 en cas de dommage r\u00e9sultant de l\u2019utilisation de ce site ou des r\u00e9seaux de communication \u00e9lectroniques utilis\u00e9s pour acc\u00e9der \u00e0 ce site, en particulier lorsque ce dommage aura \u00e9t\u00e9 caus\u00e9 par la n\u00e9gligence ou le fait de l\u2019utilisateur, le fait d\u2019un tiers, un cas de force majeure ou tout \u00e9v\u00e8nement hors de la pr\u00e9vision et du contr\u00f4le raisonnables de GENICADO.<\/p>\n\n\n\n<p>Ce site contient des liens vers des sites ou applications tierces, notamment via les r\u00e9seaux sociaux de GENICADO. GENICADO exclut toute responsabilit\u00e9 du fait des contenus publi\u00e9s sur ces sites et applications tierces.<\/p>\n\n\n\n<p><strong>Donn\u00e9es personnelles<\/strong><\/p>\n\n\n\n<p>GENICADO traite les donn\u00e9es personnelles de l\u2019utilisateur au titre des actions effectu\u00e9es via ce site (devis, contact, inscription \u00e0 la newsletter, notification d\u2019alerte). L\u2019utilisateur est invit\u00e9 \u00e0 consulter la politique de confidentialit\u00e9 de GENICADO via ce lien\u00a0:\u00a0<a href=\"https:\/\/colas.boutiques-genicado-ouest.com\/politique-de-confidentialite\/\">https:\/\/salle-gg.boutiques-genicado-ouest.com\/index.php\/politique-de-confidentialite\/<\/a><\/p>\n","protected":false},"excerpt":{"rendered":"<p>MENTIONS L\u00c9GALES ET CONDITIONS D\u2019UTILISATION MENTIONS L\u00c9GALES Ce site est \u00e9dit\u00e9 par : GENICADO SARL au capital de 300 000 \u20ac RCS de Nantes n\u00b0 322&nbsp;504&nbsp;978 Si\u00e8ge social : ZAC&#8230;<\/p>\n","protected":false},"author":1,"featured_media":0,"parent":0,"menu_order":0,"comment_status":"closed","ping_status":"closed","template":"","meta":[],"_links":{"self":[{"href":"https:\/\/salle-gg.boutiques-genicado-ouest.com\/index.php\/wp-json\/wp\/v2\/pages\/623"}],"collection":[{"href":"https:\/\/salle-gg.boutiques-genicado-ouest.com\/index.php\/wp-json\/wp\/v2\/pages"}],"about":[{"href":"https:\/\/salle-gg.boutiques-genicado-ouest.com\/index.php\/wp-json\/wp\/v2\/types\/page"}],"author":[{"embeddable":true,"href":"https:\/\/salle-gg.boutiques-genicado-ouest.com\/index.php\/wp-json\/wp\/v2\/users\/1"}],"replies":[{"embeddable":true,"href":"https:\/\/salle-gg.boutiques-genicado-ouest.com\/index.php\/wp-json\/wp\/v2\/comments?post=623"}],"version-history":[{"count":1,"href":"https:\/\/salle-gg.boutiques-genicado-ouest.com\/index.php\/wp-json\/wp\/v2\/pages\/623\/revisions"}],"predecessor-version":[{"id":624,"href":"https:\/\/salle-gg.boutiques-genicado-ouest.com\/index.php\/wp-json\/wp\/v2\/pages\/623\/revisions\/624"}],"wp:attachment":[{"href":"https:\/\/salle-gg.boutiques-genicado-ouest.com\/index.php\/wp-json\/wp\/v2\/media?parent=623"}],"curies":[{"name":"wp","href":"https:\/\/api.w.org\/{rel}","templated":true}]}}